 prime number?
False
Is 6997517 prime?
False
Is 1351813 prime?
True
Is 63530821 composite?
False
Is 127529813 prime?
False
Is 37442231 a prime number?
True
Is 9859733 a prime number?
False
Is 245023801 a prime number?
False
Is 414793129 composite?
False
Is 844279 composite?
False
Is 1150397 prime?
True
Is 143211 prime?
False
Is 47400853 a prime number?
False
Is 2095867 composite?
False
Is 32854499 composite?
False
Is 9166901 prime?
False
Is 24966397 composite?
False
Is 342449 composite?
False
Is 373339 composite?
False
Is 133347 composite?
True
Is 3066641 prime?
True
Is 17628383 a composite number?
True
Is 811042691 prime?
True
Is 212641817 composite?
False
Is 541023793 a composite number?
True
Is 198765923 prime?
True
Is 17085509 prime?
False
Is 41225259 composite?
True
Is 3104063 a composite number?
False
Is 147011077 a composite number?
True
Is 5683235 a prime number?
False
Is 29712731 a composite number?
False
Is 18002651 a composite number?
False
Is 20701229 prime?
True
Is 513866869 composite?
False
Is 6321431 composite?
True
Is 1456664447 prime?
False
Is 467537 a prime number?
False
Is 3237287 composite?
False
Is 113339087 a prime number?
False
Is 2022583 composite?
False
Is 155119 a composite number?
False
Is 7229687 a prime number?
True
Is 109863211 prime?
True
Is 5243959 a composite number?
True
Is 215692949 composite?
False
Is 11099873 prime?
True
Is 5936731 a prime number?
False
Is 35879929 a prime number?
True
Is 291929629 a composite number?
False
Is 74978893 composite?
True
Is 138513727 composite?
True
Is 1987399 a prime number?
False
Is 32760761 a composite number?
True
Is 27158213 a composite number?
True
Is 6005477 prime?
True
Is 49881889 a composite number?
True
Is 9165599 composite?
False
Is 8231087 composite?
False
Is 2863039 a composite number?
True
Is 4741643 composite?
False
Is 4484559 composite?
True
Is 103493899 a composite number?
False
Is 8724659 a composite number?
True
Is 538264835 prime?
False
Is 171808543 prime?
True
Is 38598587 composite?
False
Is 964226182 a prime number?
False
Is 402212363 a prime number?
False
Is 133864229 a prime number?
True
Is 18727091 a prime number?
True
Is 25987967 composite?
True
Is 105267626 a prime number?
False
Is 500785669 prime?
True
Is 284540059 a prime number?
True
Is 61416779 a composite number?
False
Is 8296987 composite?
True
Is 518812981 a prime number?
True
Is 1055543 a prime number?
True
Is 69813997 a composite number?
True
Is 408229 a composite number?
False
Is 1110167 composite?
False
Is 1584065215 prime?
False
Is 320898322 a prime number?
False
Is 8105771 composite?
False
Is 7405774 composite?
True
Is 7357457 a prime number?
True
Is 40512673 prime?
True
Is 2135765939 a prime number?
True
Is 86627 composite?
False
Is 46203017 a prime number?
False
Is 10031039 a prime number?
False
Is 53300317 a prime number?
False
Is 45031703 prime?
False
Is 1338012067 prime?
False
Is 10079551 a composite number?
False
Is 3529063 a composite number?
False
Is 15978601 composite?
True
Is 25930213 composite?
False
Is 3094409 prime?
False
Is 1286147 a composite number?
False
Is 351398449 composite?
True
Is 12835821 prime?
False
Is 2116991 prime?
True
Is 33595699 a prime number?
True
Is 63905119 composite?
False
Is 1182509 a composite number?
False
Is 83267 prime?
True
Is 366962771 a composite number?
True
Is 114380363 a composite number?
True
Is 3997843 composite?
True
Is 6356491 composite?
True
Is 10301 prime?
True
Is 601021 composite?
False
Is 6918047 a composite number?
False
Is 19361213 a prime number?
True
Is 7419967 prime?
True
Is 31303 prime?
False
Is 62853001 a prime number?
True
Is 216877 composite?
False
Is 1584575229 composite?
True
Is 365611 a prime number?
True
Is 5905331 a prime number?
True
Is 763859 a composite number?
False
Is 1095322 composite?
True
Is 79731565 a prime number?
False
Is 48328573 prime?
True
Is 10058921 composite?
True
Is 203139637 composite?
False
Is 72969703 a prime number?
True
Is 6716977 a prime number?
True
Is 3109439 a composite number?
True
Is 539233 composite?
False
Is 2713481 a composite number?
True
Is 23752958 a composite number?
True
Is 4663327 prime?
True
Is 24893767 composite?
False
Is 361452847 composite?
True
Is 334199 composite?
False
Is 1704874 a prime number?
False
Is 5292179 a composite number?
False
Is 37055405 composite?
True
Is 149732989 a prime number?
False
Is 3210917 a prime number?
True
Is 182034037 a prime number?
True
Is 173347 a composite number?
False
Is 1097587 composite?
True
Is 33715887 a prime number?
False
Is 4955631 a prime number?
False
Is 571782811 prime?
False
Is 125771917 a composite number?
True
Is 48925645 composite?
True
Is 4508291 composite?
False
Is 95519597 a composite number?
True
Is 37574813 composite?
False
Is 5529077 a composite number?
False
Is 783250909 a prime number?
False
Is 68052911 a prime number?
True
Is 15608663 a prime number?
False
Is 723638161 prime?
False
Is 4376621 composite?
True
Is 15096297 a prime number?
False
Is 13352831 prime?
True
Is 103049309 prime?
False
Is 58363 prime?
True
Is 573521681 a prime number?
True
Is 5661521 a composite number?
False
Is 1651355 a composite number?
True
Is 14203847 a prime number?
False
Is 575009 a prime number?
True
Is 50212039 composite?
True
Is 126931 a prime number?
False
Is 8309963 a prime number?
True
Is 1993171 a composite number?
True
Is 224380558 prime?
False
Is 1495511 a composite number?
False
Is 56583367 prime?
True
Is 597283909 composite?
False
Is 1657399 a prime number?
True
Is 1263569 composite?
False
Is 724771 composite?
True
Is 9940399 a composite number?
True
Is 43369111 composite?
False
Is 4191779 a prime number?
False
Is 15316579 a composite number?
False
Is 1728659 a prime number?
True
Is 340450871 prime?
False
Is 8331233 a composite number?
True
Is 114198493 composite?
True
Is 197598031 prime?
True
Is 57881 composite?
False
Is 47220373 a prime number?
False
Is 9835781 a prime number?
True
Is 238397 a prime number?
True
Is 53572111 a prime number?
True
Is 147614195 prime?
False
Is 27733 a composite number?
False
Is 68126857 composite?
True
Is 152960371 prime?
True
Is 11826317 a composite number?
False
Is 87327854 a prime number?
False
Is 52784279 a composite number?
False
Is 21338039 composite?
False
Is 31015823 a prime number?
True
Is 58307627 a prime number?
False
Is 15453787 prime?
False
Is 8795833 prime?
True
Is 6434801 a prime number?
False
Is 1960841 prime?
False
Is 13608029 a prime number?
True
Is 1548643 composite?
True
Is 98137439 a composite number?
False
Is 6183673 a composite number?
True
Is 45273145 a composite number?
True
Is 1924019 a composite number?
True
Is 132362267 prime?
False
Is 2808515 prime?
False
Is 415187 a prime number?
True
Is 5038673 a prime number?
True
Is 28207901 a composite number?
False
Is 8684818 prime?
False
Is 113853 prime?
False
Is 367072861 prime?
True
Is 8192957 a prime number?
False
Is 1102658383 prime?
True
Is 26804317 a prime number?
False
Is 1500463 a composite number?
False
Is 48358751 a composite number?
True
Is 3290641 composite?
False
Is 609367991 prime?
True
Is 442305251 composite?
False
Is 4508501 prime?
True
Is 11909717 a composite number?
False
Is 13281889 a composite number?
False
Is 192337009 a composite number?
True
Is 35970423 a composite number?
True
Is 22664659 composite?
False
Is 31906851 prime?
False
Is 413054143 prime?
True
Is 147977051 composite?
False
Is 263426897 prime?
True
Is 1839707 prime?
False
Is 8682127 a prime number?
True
Is 18480971 composite?
False
Is 2711197 composite?
False
Is 31590827 prime?
False
Is 3447893 a composite number?
False
Is 180749 composite?
False
Is 1158929 prime?
False
Is 3680639 composite?
False
Is 207581329 prime?
True
Is 7881233 a composite number?
True
Is 995513 a composite number?
False
Is 1446365 composite?
True
Is 570699733 prime?
False
Is 18215867 a composite number?
False
Is 2210041 a prime number?
False
Is 64534109 prime?
True
Is 1243129 prime?
True
Is 46193419 composite?
False
Is 48238247 a prime number?
False
Is 50406151 a prime number?
True
Is 48522262 composite?
True
Is 26837623 prime?
True
Is 15541391 a composite number?
True
Is 10953037 composite?
True
Is 14315905 a composite number?
True
Is 74766719 composite?
False
Is 11104127